e remainder when q is divided by 34?
26
Let d(q) be the first derivative of q**4/4 + 4*q**3/3 - 9*q**2/2 - 9*q - 11. Calculate the remainder when d(-4) is divided by 15.
12
Let y(d) = d**2 + 5. Let s = -9 - -29. Calculate the remainder when y(7) is divided by s.
14
Suppose 3*y - 5*z - 59 = 0, 2*y + 0*y - 39 = 3*z. Calculate the remainder when y is divided by 12.
6
Let x(v) = v**3 - 21*v**2 + 34*v + 115. Calculate the remainder when 100 is divided by x(19).
22
Let o(z) = -z + 10. Let p be o(12). Calculate the remainder when (-3 + 5/(-10))*p is divided by 4.
3
Suppose 28*b - 27*b = -218. Let d = -22 - b. Suppose -3*g - 16 + d = 0. What is the remainder when g is divided by 16?
12
Let r(w) = -w**3 + 3*w**2 + 4*w - 6. Let t be r(4). Calculate the remainder when (t - 28)*9/(-6) is divided by 13.
12
Let l(z) = -2*z**2 - 9*z - 5. Let c be l(-3). Suppose 2*n = 3*n - 5*d - 40, -c*d + 25 = 3*n. What is the remainder when 192 is divided by n?
12
Let y(c) = -c**2 + c - 5. Let s be y(-5). Let b be 21/s + 18/5. Suppose b*q + 44 = 7*q. What is the remainder when 32 is divided by q?
10
Suppose 17*g - 359 + 138 = 0. What is the remainder when 36 is divided by g?
10
Suppose 0*i - 5*i - 59 = -4*o, 37 = 2*o - i. Let u = 51 + -36. What is the remainder when (7 + 143)*6/u is divided by o?
18
Let i(w) = -4*w + 12. Let j(o) = o**2 - 5*o - 14. What is the remainder when i(-14) is divided by j(8)?
8
Let p = -74 + 101. Calculate the remainder when p is divided by 14.
13
Let b(f) = -f**2 + 6*f + 5. Let c be b(3). Calculate the remainder when 2/7*27 + 4/c is divided by 5.
3
Let t be (0 + -5)*(-12 - -7). Let h = t + -19. Suppose 20 = 10*r - h*r. What is the remainder when 19 is divided by r?
4
Suppose -74*c + 67*c + 28 = 0. Calculate the remainder when 30 is divided by c.
2
Suppose -173 + 643 = -10*t. Let x = t - -71. What is the remainder when 93 is divided by x?
21
Suppose 17*o - 145 - 110 = 0. Calculate the remainder when 68 is divided by o.
8
Let m(l) = 9*l + 1. Let b be m(1). Let y = 13 - b. Suppose r + 7 = i, 0 = 4*i - y*i + 2*r - 1. Calculate the remainder when 7 is divided by i.
2
Suppose -17*k = -14*k - 564. Calculate the remainder when k is divided by 24.
20
Suppose o = -b + 6, 10*o - 11*o + 3 = 2*b. Suppose 0*j + 5*j - 164 = -2*t, 3*j = 4*t - 354. Calculate the remainder when t is divided by o.
6
What is the remainder when 9 + 82 + -3 + 9 is divided by 21?
13
Let k = -3 + 3. Suppose 2*p + 0*p - 6 = k. Suppose -4*w - 10 = b, -3*b = p*w - 4 + 7. What is the remainder when 2 is divided by b?
0
Let w be -6*((-4)/8 - 0). Suppose 2*j = -w*j. Suppose 5*t - 65 = -j*t. What is the remainder when t is divided by 5?
3
Calculate the remainder when (1/3)/((-4)/(-12))*359 is divided by 26.
21
Suppose 0 = x - 3*x + 4, -2*o + 4*x - 54 = 0. Let a = o + 15. Let z = 30 + a. What is the remainder when z is divided by 9?
4
Let j = 124 - 89. Let a = j + -30. Calculate the remainder when (-5 - -1)*21/(-6) is divided by a.
4
Let x = 6955 + -6834. Suppose 170 = 5*k + 2*z - 7*z, -5*k = z - 152. Calculate the remainder when x is divided by k.
28
What is the remainder when 61 is divided by (-52)/(-208) - 31/(-4)?
5
Let z(o) = -32*o + 9. Let p be z(7). Let t = p + 405. Suppose -i = -2*j + 3*j - 45, -t = -4*i - 2*j. Calculate the remainder when i is divided by 18.
14
Suppose -6*c + 4*c = g - 4, 0 = 5*g. What is the remainder when -5 + 89 + 3*c/3 is divided by 29?
28
Calculate the remainder when 412 is divided by (-4 - -9) + 54 + 0.
58
Let d = 367 + -225. What is the remainder when d is divided by 12?
10
Let q be (219/15)/(3/(-30)*-2). Suppose 0*o + 2*o = -10, -3*o = 4*g - q. Calculate the remainder when 85 is divided by g.
19
Suppose 4*p - 6*p = -10. Suppose 0 = g + z - 7 - p, z + 10 = g. Suppose 19 = -v + 2*v. Calculate the remainder when v is divided by g.
8
Let k(m) = m**2 - 7*m + 18. Let s be k(6). Suppose -119 = -3*q + 5*v, 0 = 2*q + 5*v - s - 34. What is the remainder when q is divided by 12?
9
Let j = 433 - 305. Calculate the remainder when j is divided by 26.
24
Let l(j) = -5*j - 207. Let p be -2 - -3 - (0 - -1). Suppose p*h - 8 = -4*h. Calculate the remainder when l(-42) is divided by h.
1
Let m(p) = p - 11. Let o be m(6). Let k be 4/2 + 8 + o. Suppose 3*s + 60 = k*q, -2*q + 5*q + s = 22. What is the remainder when q is divided by 2?
1
Let l = -18 - -30. Calculate the remainder when 56 - 0*4/(-8) is divided by l.
8
Let g = 34 + -30. Suppose -2*k - 13 + 75 = g*n, 5*n - 2*k = 64. Calculate the remainder when 39 is divided by n.
11
Let c(t) = 4*t - 5. Let s(j) = -8*j + 2. Suppose 0 = 4*f, 2*f + 6 + 9 = -3*q. Calculate the remainder when s(q) is divided by c(4).
9
Suppose -36*t - 291 = -1155. Calculate the remainder when 405 is divided by t.
21
Let v = -4 + 40. What is the remainder when 114 is divided by v?
6
Suppose 4*d - 15 - 31 = 2*b, b + 9 = d. Let n(p) = p**2 - 11*p + 32. Calculate the remainder when d is divided by n(4).
2
Suppose -11*s + 867 = -4468. Calculate the remainder when s is divided by 166.
153
Let t = -245 + 165. Let k = t - -169. What is the remainder when k is divided by 23?
20
Let y be (-2)/(-6) - (-605)/(-33). Let j(b) = 17*b + 1. Let k be j(-1). Let t = k - y. What is the remainder when 5 is divided by t?
1
Suppose 0 = -12*s + 7*s + 55. Suppose -s*m = -10*m. Suppose -4*a + 236 = -m*a. Calculate the remainder when a is divided by 30.
29
Let i(c) = -c**2 - 5*c + 6. Let v be i(-6). Suppose -s + 5 = -v. Suppose 2*w - 32 = -2*w. What is the remainder when w is divided by s?
3
Suppose 654 - 744 = -5*b. What is the remainder when 39 is divided by b?
3
Suppose -558 = -569*s + 551*s. What is the remainder when 60 is divided by s?
29
What is the remainder when 99 is divided by (-7)/((-182)/(-4)) - (-6786)/169?
19
Let g(l) = -35. Let w(p) = -p - 1. Let f(y) = -g(y) - 6*w(y). Calculate the remainder when 131 is divided by f(-5).
10
Suppose 0 = -14*d - 3*d + 493. Let s(x) = 338*x**2 + 1. Let a be s(1). Suppose 5*z = 2*z + a. Calculate the remainder when z is divided by d.
26
Suppose -14*m + 605 = 143. Calculate the remainder when m is divided by 5.
3
Let p be 0/(-6) - (1 + -7). Suppose 2*j = -2*v + 5*v + 48, 5*j - 145 = -5*v. What is the remainder when 628/p - 9/(-27) is divided by j?
24
Let z(q) = 6*q**2 + 4*q - 2. Let b be z(4). Suppose -2*t + 5*s + b = 0, s - 275 = -5*t + 6*s. Let x = 78 + -50. What is the remainder when t is divided by x?
27
Let u = 8 - 11. Let o(p) = -7*p - 6. Calculate the remainder when 74 is divided by o(u).
14
Let c(a) = a**2 - 12*a + 34. Suppose 0 = -11*t + 30 + 69. Calculate the remainder when 34 is divided by c(t).
6
Suppose -5*y + 18 + 12 = 0. What is the remainder when (-6)/(-5)*(-35)/(-2) is divided by y?
3
Suppose -122*m - 320 = -138*m. What is the remainder when (-2)/6 - (-320)/6 is divided by m?
13
Calculate the remainder when 16/(-20) - (6 + 297/(-15)) is divided by 8.
5
Let w(o) = o**2 - o + 155. Let b be w(0). Suppose 15*r = 10*r + b. What is the remainder when 59 is divided by r?
28
Suppose 0 = 3*f - 3*b - 138, 0 = 5*f + b - 48 - 176. Suppose 4*s - f = s. Calculate the remainder when 42 is divided by s.
12
Let n = -200 + 251. Calculate the remainder when 151 is divided by n.
49
Suppose 5*z - 151 = g, z + g - 9 = 26. What is the remainder when 90 is divided by z?
28
Let y be (-150)/(-21) + 4/(-28). Let r be 88/6 - (-9)/27. Let u = r - y. Calculate the remainder when 14 is divided by u.
6
Let o(m) = m - 3*m**2 + 6*m**3 + m - 2*m**3 - 2. Let v(j) = 7*j**2 + 7*j - 1. Calculate the remainder when v(-3) is divided by o(2).
19
Let g(h) = -2*h - 19. Calculate the remainder when 21 is divided by g(-16).
8
Suppose 0 = -j + 2*j + 64. Suppose 13 = -4*q - 3*f + 140, 2*q = 3*f + 59. What is the remainder when q is divided by j/20*(-10)/2?
15
Suppose -13*r = -19*r + 264. Calculate the remainder when r is divided by 10.
4
Calculate the remainder when 230 is divided by -99*(4/8 - 10/12).
32
Suppose -4*o = 4*i - 1684, -1255 = -4*i + i + o. Calculate the remainder when i is divided by 70.
69
Calculate the remainder when (2 - (-411)/(-9))*12/(-4) is divided by 9.
5
Let v be 7 - (1 + (-3)/(-3)). Suppose -2*w + 28 = 3*n + n, 3*n = v*w - 83. Calculate the remainder when w is divided by 6.
4
Let s(m) = m**3 - 6*m**2 + 7*m - 5. Suppose -4*w + 3*x = 7, -2*w -